{"id":42,"date":"2025-03-25T13:44:18","date_gmt":"2025-03-25T13:44:18","guid":{"rendered":"https:\/\/solargic.net\/?page_id=42"},"modified":"2025-05-22T09:25:20","modified_gmt":"2025-05-22T09:25:20","slug":"declaracion-de-accesibilidad","status":"publish","type":"page","link":"https:\/\/solargic.net\/ca\/declaracion-de-accesibilidad\/","title":{"rendered":"Declaraci\u00f3 d&#039;accessibilitat"},"content":{"rendered":"<div data-elementor-type=\"wp-page\" data-elementor-id=\"42\" class=\"elementor elementor-42\" data-elementor-post-type=\"page\">\n\t\t\t\t<div class=\"elementor-element elementor-element-1bf44d8 e-flex e-con-boxed e-con e-parent\" data-id=\"1bf44d8\" data-element_type=\"container\">\n\t\t\t\t\t<div class=\"e-con-inner\">\n\t\t\t\t<div class=\"elementor-element elementor-element-8561a55 elementor-widget elementor-widget-heading\" data-id=\"8561a55\" data-element_type=\"widget\" data-widget_type=\"heading.default\">\n\t\t\t\t<div class=\"elementor-widget-container\">\n\t\t\t\t\t<h2 class=\"elementor-heading-title elementor-size-default\">Declaraci\u00f3 d&#039;accessibilitat<\/h2>\t\t\t\t<\/div>\n\t\t\t\t<\/div>\n\t\t\t\t<div class=\"elementor-element elementor-element-7920cd46 elementor-widget elementor-widget-text-editor\" data-id=\"7920cd46\" data-element_type=\"widget\" data-widget_type=\"text-editor.default\">\n\t\t\t\t<div class=\"elementor-widget-container\">\n\t\t\t\t\t\t\t\t\t\n<p>SOLARGIC ENERGY SL s&#039;ha comprom\u00e8s a fer accessible el vostre lloc web, conforme al Reial Decret 1112\/2018, de 7 de setembre, sobre accessibilitat dels llocs web i aplicacions per a dispositius m\u00f2bils del sector p\u00fablic. Aquesta declaraci\u00f3 d&#039;accessibilitat s&#039;aplica a aquest web.<\/p>\n\n\n\n<p><strong>Situaci\u00f3 de compliment<\/strong><\/p>\n\n\n\n<p>Aquest lloc web est\u00e0 desenvolupat segons el RD 1112\/2018<\/p>\n\n\n\n<p><strong>Preparaci\u00f3 per a la seg\u00fcent declaraci\u00f3 d&#039;accessibilitat<\/strong><\/p>\n\n\n\n<p>Aquesta declaraci\u00f3 va ser preparada el 20 d&#039;abril del 2023. El m\u00e8tode emprat per preparar la declaraci\u00f3 ha estat una autoavaluaci\u00f3.<\/p>\n\n\n\n<p><strong>Observacions i dades de contacte<\/strong><\/p>\n\n\n\n<p>Podeu realitzar comunicacions sobre requisits d&#039;accessibilitat (article 10.2.a del RD 1112\/2018) com:<\/p>\n\n\n\n<ul class=\"wp-block-list\">\n<li>Informar sobre qualsevol possible incompliment per part d&#039;aquest lloc web<\/li>\n\n\n\n<li>Transmetre altres dificultats d&#039;acc\u00e9s al contingut<\/li>\n\n\n\n<li>Formular qualsevol altra consulta o suggeriment de millora relativa a l&#039;accessibilitat del lloc web mitjan\u00e7ant el formulari de contacte d&#039;aquest lloc web o mitjan\u00e7ant el n\u00famero de tel\u00e8fon\u00a0<\/li>\n<\/ul>\n\n\n\n<p>Podeu presentar:<\/p>\n\n\n\n<ul class=\"wp-block-list\">\n<li>Queixa relativa al compliment dels requisits del RD 1112\/2018<\/li>\n\n\n\n<li>Sol\u00b7licitud d&#039;informaci\u00f3 accessible relativa a:\n<ul class=\"wp-block-list\">\n<li>Continguts que estan exclosos de l\u00e0mbit daplicaci\u00f3 del RD 1112\/2018 segons el que estableix larticle 3, apartat 4<\/li>\n\n\n\n<li>Continguts que estan exempts del compliment dels requisits d&#039;accessibilitat per imposar una c\u00e0rrega desproporcionada<\/li>\n\n\n\n<li>A la Sol\u00b7licitud d&#039;informaci\u00f3 accessible, cal concretar, amb tota claredat, els fets, les raons i la petici\u00f3 que permetin constatar que es tracta d&#039;una sol\u00b7licitud raonable i leg\u00edtima.<\/li>\n<\/ul>\n<\/li>\n<\/ul>\n\n\n\n<p>Les queixes i reclamacions sobre informaci\u00f3 accessible es realitzaran a trav\u00e9s de la seu electr\u00f2nica (https:\/\/sede.red.gob.es\/procedimientos\/quejas-y-sugerencias), i seran rebudes i tractades per l&#039;\u00e0rea de Sistemes de la Informaci\u00f3 de Red.es.<\/p>\n\n\n\n<p><strong>Contingut opcional<\/strong><\/p>\n\n\n\n<ul class=\"wp-block-list\">\n<li>Si voleu canviar la mida de lletra del text als principals navegadors gr\u00e0fics utilitzeu els men\u00fas seg\u00fcents:<\/li>\n\n\n\n<li>Safari: Veure &gt; Fer el text m\u00e9s gran<\/li>\n\n\n\n<li>Chrome: Controla la p\u00e0gina actual &gt; Mida del text<\/li>\n<\/ul>\n\n\n\n<p>Per modificar la mida de tot a la p\u00e0gina:<\/p>\n\n\n\n<ul class=\"wp-block-list\">\n<li>Ctrl++ per augmentar-ho<\/li>\n\n\n\n<li>Ctrl + \u2013 per disminuir-ho<\/li>\n\n\n\n<li>Ctrl + 0 restaura la mida original del text<\/li>\n\n\n\n<li>Si el que voleu \u00e9s anul\u00b7lar el full d&#039;estils o modificar el color del text, podeu consultar la p\u00e0gina How to Change Text Size o Colors de la WAI, que es pot llegir tradu\u00eft a l&#039;espanyol a Com canviar la mida del text o colors?<\/li>\n<\/ul>\n\t\t\t\t\t\t\t\t<\/div>\n\t\t\t\t<\/div>\n\t\t\t\t\t<\/div>\n\t\t\t\t<\/div>\n\t\t\t\t<\/div>","protected":false},"excerpt":{"rendered":"<p>SOLARGIC ENERGY SL se ha comprometido a hacer accesible su sitio web, conforme al Real Decreto 1112\/2018, de 7 de septiembre, sobre accesibilidad de los sitios web y aplicaciones para dispositivos m\u00f3viles del sector p\u00fablico. Esta declaraci\u00f3n de accesibilidad se aplica a esta web. Situaci\u00f3n de cumplimiento Este sitio web est\u00e1 desarrollado seg\u00fan el RD [&hellip;]<\/p>","protected":false},"author":3,"featured_media":0,"parent":0,"menu_order":0,"comment_status":"closed","ping_status":"closed","template":"","meta":{"inline_featured_image":false,"footnotes":""},"class_list":["post-42","page","type-page","status-publish","hentry"],"jetpack_sharing_enabled":true,"_links":{"self":[{"href":"https:\/\/solargic.net\/ca\/wp-json\/wp\/v2\/pages\/42","targetHints":{"allow":["GET"]}}],"collection":[{"href":"https:\/\/solargic.net\/ca\/wp-json\/wp\/v2\/pages"}],"about":[{"href":"https:\/\/solargic.net\/ca\/wp-json\/wp\/v2\/types\/page"}],"author":[{"embeddable":true,"href":"https:\/\/solargic.net\/ca\/wp-json\/wp\/v2\/users\/3"}],"replies":[{"embeddable":true,"href":"https:\/\/solargic.net\/ca\/wp-json\/wp\/v2\/comments?post=42"}],"version-history":[{"count":5,"href":"https:\/\/solargic.net\/ca\/wp-json\/wp\/v2\/pages\/42\/revisions"}],"predecessor-version":[{"id":649,"href":"https:\/\/solargic.net\/ca\/wp-json\/wp\/v2\/pages\/42\/revisions\/649"}],"wp:attachment":[{"href":"https:\/\/solargic.net\/ca\/wp-json\/wp\/v2\/media?parent=42"}],"curies":[{"name":"wp","href":"https:\/\/api.w.org\/{rel}","templated":true}]}}

Declaració d&#039;accessibilitat

<div data-elementor-type="wp-page" data-elementor-id="42" class="elementor elementor-42" data-elementor-post-type="page">
				<div class="elementor-element elementor-element-1bf44d8 e-flex e-con-boxed e-con e-parent" data-id="1bf44d8" data-element_type="container">
					<div class="e-con-inner">
				<div class="elementor-element elementor-element-8561a55 elementor-widget elementor-widget-heading" data-id="8561a55" data-element_type="widget" data-widget_type="heading.default">
				<div class="elementor-widget-container">
					<h2 class="elementor-heading-title elementor-size-default">Declaració d&#039;accessibilitat</h2>				</div>
				</div>
				<div class="elementor-element elementor-element-7920cd46 elementor-widget elementor-widget-text-editor" data-id="7920cd46" data-element_type="widget" data-widget_type="text-editor.default">
				<div class="elementor-widget-container">
									
<p>SOLARGIC ENERGY SL s&#039;ha compromès a fer accessible el vostre lloc web, conforme al Reial Decret 1112/2018, de 7 de setembre, sobre accessibilitat dels llocs web i aplicacions per a dispositius mòbils del sector públic. Aquesta declaració d&#039;accessibilitat s&#039;aplica a aquest web.</p>



<p><strong>Situació de compliment</strong></p>



<p>Aquest lloc web està desenvolupat segons el RD 1112/2018</p>



<p><strong>Preparació per a la següent declaració d&#039;accessibilitat</strong></p>



<p>Aquesta declaració va ser preparada el 20 d&#039;abril del 2023. El mètode emprat per preparar la declaració ha estat una autoavaluació.</p>



<p><strong>Observacions i dades de contacte</strong></p>



<p>Podeu realitzar comunicacions sobre requisits d&#039;accessibilitat (article 10.2.a del RD 1112/2018) com:</p>



<ul class="wp-block-list">
<li>Informar sobre qualsevol possible incompliment per part d&#039;aquest lloc web</li>



<li>Transmetre altres dificultats d&#039;accés al contingut</li>



<li>Formular qualsevol altra consulta o suggeriment de millora relativa a l&#039;accessibilitat del lloc web mitjançant el formulari de contacte d&#039;aquest lloc web o mitjançant el número de telèfon </li>
</ul>



<p>Podeu presentar:</p>



<ul class="wp-block-list">
<li>Queixa relativa al compliment dels requisits del RD 1112/2018</li>



<li>Sol·licitud d&#039;informació accessible relativa a:
<ul class="wp-block-list">
<li>Continguts que estan exclosos de làmbit daplicació del RD 1112/2018 segons el que estableix larticle 3, apartat 4</li>



<li>Continguts que estan exempts del compliment dels requisits d&#039;accessibilitat per imposar una càrrega desproporcionada</li>



<li>A la Sol·licitud d&#039;informació accessible, cal concretar, amb tota claredat, els fets, les raons i la petició que permetin constatar que es tracta d&#039;una sol·licitud raonable i legítima.</li>
</ul>
</li>
</ul>



<p>Les queixes i reclamacions sobre informació accessible es realitzaran a través de la seu electrònica (https://sede.red.gob.es/procedimientos/quejas-y-sugerencias), i seran rebudes i tractades per l&#039;àrea de Sistemes de la Informació de Red.es.</p>



<p><strong>Contingut opcional</strong></p>



<ul class="wp-block-list">
<li>Si voleu canviar la mida de lletra del text als principals navegadors gràfics utilitzeu els menús següents:</li>



<li>Safari: Veure &gt; Fer el text més gran</li>



<li>Chrome: Controla la pàgina actual &gt; Mida del text</li>
</ul>



<p>Per modificar la mida de tot a la pàgina:</p>



<ul class="wp-block-list">
<li>Ctrl++ per augmentar-ho</li>



<li>Ctrl + – per disminuir-ho</li>



<li>Ctrl + 0 restaura la mida original del text</li>



<li>Si el que voleu és anul·lar el full d&#039;estils o modificar el color del text, podeu consultar la pàgina How to Change Text Size o Colors de la WAI, que es pot llegir traduït a l&#039;espanyol a Com canviar la mida del text o colors?</li>
</ul>
								</div>
				</div>
					</div>
				</div>
				</div>

<p>SOLARGIC ENERGY SL se ha comprometido a hacer accesible su sitio web, conforme al Real Decreto 1112/2018, de 7 de septiembre, sobre accesibilidad de los sitios web y aplicaciones para dispositivos móviles del sector público. Esta declaración de accesibilidad se aplica a esta web. Situación de cumplimiento Este sitio web está desarrollado según el RD [&hellip;]</p>
